-25*q. Let r be m(q). Let f be (-10)/25 + (r - (-111)/15). What is the highest common divisor of f and 81?
9
Let d(l) = -9*l**3 + 5*l**2 + 3*l + 5. Let s be d(-4). Suppose s = -10*u - 651. Let r = -31 - u. What is the highest common divisor of 9 and r?
9
Let l be (10/4)/(4/8976). Calculate the greatest common factor of l and 60.
30
Let a be (-5262529)/(-11925) + 2/(-25) - (-2)/(-9). Calculate the highest common divisor of a and 784.
49
Suppose 4*t - 23 + 1 = -3*p, p - 4*t - 34 = 0. Let y = -24 + -7. Let d = 59 + y. Calculate the highest common divisor of d and p.
14
Suppose 36*s - 65*s - 37*s = -67980. What is the highest common divisor of s and 6?
2
Let d(r) = -r**2 - 47*r + 1568. Let a be d(22). What is the highest common factor of 1600 and a?
50
Let u = -7325 - -8500. Let v = 31 - -16. What is the greatest common factor of u and v?
47
Let c = -1939 - -2059. What is the greatest common factor of 8040 and c?
120
Let k(r) = 2*r**2 + 32*r - 2. Suppose 53 = 8*b - 371. Let z = b + -70. Let a be k(z). What is the greatest common factor of 8 and a?
8
Suppose 4*u - 8*u + 56 = 4*s, -u - 5 = 0. Let r = 31 + 26. What is the greatest common divisor of r and s?
19
Let u(q) = -5*q + 99. Let x be u(19). Suppose -b = 3*j - 20, 0*j = 2*b - x*j - 60. What is the highest common factor of b and 6?
2
Suppose 18*x - 7*x = -55. Let o(u) = 4*u**2 + 5*u - 3. Let k be o(x). Let h be 68/5 - k/(-180). What is the greatest common divisor of h and 14?
14
Suppose g - 4*o + 21 = 0, 25 = -3*g - 2*g + 4*o. Let r = 18 + g. Let k be -46*(-55)/22 - -4. Calculate the greatest common factor of k and r.
17
Suppose -1630 = -15*b - 64*b + 1214. Suppose 4*s + 11 = -13. Let g be ((-4)/3)/(2/s). Calculate the greatest common divisor of b and g.
4
Let s = -1814 - -1946. Calculate the highest common factor of s and 2816.
44
Let o(s) = -5*s**2 + 182*s - 2. Let a be o(36). What is the greatest common factor of 450 and a?
10
Let k(t) = -2*t**2 - 58*t - 280. Let a be k(-7). Calculate the greatest common factor of 3941 and a.
7
Let k be 5/45 + (-95250)/(-54). Suppose 5*s - 261 = k. Calculate the greatest common factor of 81 and s.
81
Let x = -1585 - -1587. What is the highest common factor of 1418 and x?
2
Suppose -3*s + 8*s - 85 = 0. Suppose 0 = -s*l + 5*l + 24. Let i be 41 + l/8 + (-13)/4. What is the highest common factor of 266 and i?
38
Let o = 222 - -2083. Let h be o/85 - (-5 + 261/51). What is the highest common divisor of h and 153?
9
Let r = 6981 + -6552. What is the highest common factor of r and 275?
11
Let h be (24*(-7)/14)/((-21)/98). What is the greatest common divisor of h and 1862?
14
Suppose 0 = v - 2*v + 2*p + 352, 2*p = 3*v - 1036. Suppose v = 9*r - 171. Calculate the highest common divisor of r and 912.
57
Let y be (-8784)/(-24)*2/6. Let m = y + 63. What is the highest common factor of 5 and m?
5
Let p be 2774/7 + (-10)/(-14) + -1. Suppose -30 = -5*h - 3*n, -2 - 3 = 5*h - 4*n. Suppose -33 + 141 = h*y. Calculate the highest common factor of y and p.
36
Suppose -6*b + 2896 = 2*b. Suppose 5*w = 2*t + 359, 5*w - b = -2*t + 3*t. What is the greatest common divisor of w and 365?
73
Suppose s = 2*w - 9126, -10*w - s - 13690 = -13*w. What is the highest common factor of w and 7?
7
Let a(f) = 7*f + 111. Let d be a(-17). Let o(s) = 2*s**3 + 20*s**2 + 18*s + 8. Let q be o(d). What is the highest common divisor of 200 and q?
40
Let h(r) = 39*r - 13. Let g be h(3). Let s = 3337 + -3077. Calculate the highest common factor of g and s.
52
Let r = 2101 - 1884. Let v = 109 + -78. Calculate the highest common divisor of v and r.
31
Suppose 731*k = 29*k + 4230954. What is the greatest common factor of k and 735?
147
Suppose 466*s - 4620 = 396*s. What is the greatest common divisor of 946 and s?
22
Let m be 2/(-18) - (-751812)/5076. Let c be 2*9/(-6) - -7. Calculate the greatest common factor of c and m.
4
Let i = 8598 - 8451. Calculate the highest common factor of i and 49.
49
Let p(h) = -163*h + 3204. Let s be p(0). What is the greatest common divisor of s and 36?
36
Let u = 70 + -57. Let n be (52/(-16))/u - (-34)/8. Suppose 0 = -n*j + 994 + 106. Calculate the highest common factor of 25 and j.
25
Suppose -2*v = -5*z + 34958, -166*z - 34966 = -171*z - 6*v. What is the highest common factor of 152 and z?
152
Let d = -12569 + 15737. Calculate the highest common divisor of d and 891.
99
Suppose -5*k + 3677 = z, -k + 4*z + 466 + 261 = 0. What is the highest common divisor of 420 and k?
105
Suppose -p - 4 + 0 = q, 9 = 3*q - 4*p. Let i be (7 + -4)/q + 30. Let z = -345 - -507. Calculate the greatest common factor of z and i.
27
Let n = 34 + -16. Suppose 4*p = 4*f + 200, -3*p - 469 = f - 599. Calculate the highest common divisor of p and n.
9
Let t = -139 + 259. Let j = -53089 + 53299. Calculate the highest common divisor of j and t.
30
Let l = 87 + 24. Suppose -l*b = -102*b - 315. Let t(a) = a**3 - 9*a**2 + 2*a - 13. Let w be t(9). Calculate the greatest common factor of b and w.
5
Let m(z) = -18*z**3 - 3*z**2 - 6*z - 3. Let a be m(-1). Let v be (57 + -6)/(3/a). Calculate the greatest common factor of v and 18.
18
Let l(q) = -189*q + 575. Let d be l(3). What is the highest common factor of 244 and d?
4
Suppose -13 = -2*m - 7. Suppose -b = -m*b + 4. Suppose 45 = b*x - x. Calculate the highest common divisor of 9 and x.
9
Let l = 1057 - 719. Calculate the highest common divisor of l and 2.
2
Let y = 410 + -293. Let c = -113 + y. Let q be -5 + 7 + c + 24. Calculate the highest common factor of q and 45.
15
Let u(b) = 3*b**2 + 96*b + 609. Let z be u(-7). What is the greatest common divisor of 462 and z?
42
Suppose -25*x + 19043 = g - 21*x, 4*g = -5*x + 76249. What is the highest common divisor of g and 18?
9
Suppose 4*x - 2*r - 232 = -0*r, 0 = 4*x - 5*r - 238. Suppose -5*p - 12*p = 612. Let i = p + x. Calculate the highest common divisor of i and 189.
21
Suppose 25 = 64*b - 59*b. Suppose -z - 5*t = -2*z + 33, -t = -b*z + 45. Calculate the highest common factor of z and 88.
8
Let d(a) = 458*a**3 + 3*a - 1. Let w(h) = -22*h + 23. Let j be w(1). Let x be d(j). Calculate the greatest common divisor of 40 and x.
20
Let k(t) = t**3 + 4*t**2 + 6*t + 9. Let s be k(-3). Suppose x + x = d + 505, s = -2*x - 4*d + 530. Calculate the greatest common divisor of x and 15.
15
Suppose 0 = 5*z - 51 - 39. Let c = -16 + z. Let h be ((16/6)/4)/((-28)/(-210)). Calculate the highest common divisor of h and c.
1
Suppose 0 = -2*q + 5*o + 57, 7*o - 3*o = 5*q - 151. Suppose -112*g = -115*g + 186. Calculate the highest common factor of g and q.
31
Let w be (-2 - (-112)/6)*(9 + 29 - 11). Calculate the highest common factor of 1250 and w.
50
Suppose -539 = -10*g - 1499. Let u = g + 108. Calculate the greatest common divisor of 96 and u.
12
Let x = 132 + -127. Suppose x*n - p - 72 = 0, -5*n + 6 = -4*n - 3*p. What is the greatest common factor of n and 21?
3
Let h = -375 - -338. Let s(w) = 3*w**3 - w**2 + 1. Let v be s(-2). Let r = v - h. What is the highest common factor of 50 and r?
10
Let n(k) = k**3 + k**2 - 9*k + 7. Let j be n(3). What is the greatest common divisor of 18 and j?
2
Let r = -128 + 140. Calculate the highest common factor of 15 and r.
3
Let x be 1 + 0 + (-1 - (0 + -28)). Calculate the highest common factor of x and 2324.
28
Let k(h) = h**2 - 181*h - 839. Let u be k(-78). Calculate the greatest common factor of 201 and u.
67
Let n(d) = 16*d + 72 - 7*d - 17 - 5*d. Let x be n(-9). Calculate the highest common divisor of x and 38.
19
Let p be ((-62)/10 + -1)*61/((-4148)/510). Calculate the greatest common divisor of p and 6912.
54
Let k = 6394 + -6392. What is the highest common divisor of k and 55?
1
Let h be ((-4)/6)/((-18)/81). Let a = 8 - 6. Suppose -a*m = -2*p - 58, -3*m + 4*p + 79 = -p. Calculate the greatest common factor of h and m.
3
Let v(d) = -18*d**2 + 1478*d - 156. Let u be v(82). Calculate the highest common divisor of 55 and u.
1
Let b = 1791 - 2951. Let y be b/(-300) + 1/(-15)*-2. Suppose -f + 21 = -4*m + 7, -50 = -3*f + y*m. What is the greatest common divisor of f and 162?
18
Suppose 119*z - 124*z - q + 684 = 0, 3*q = 3*z - 396. What is the highest common factor of z and 629?
17
Suppose -r + 20 = 3*t, 4*r + 2*t = 6*t. Suppose r*a + 31 = -49. Let k be ((-4)/(a/(-108)))/(-1). Calculate the greates